ed by w.
30
Let n = -1 + -2. Let x = n + 7. Suppose -x*l + l + 24 = 0. What is the remainder when 14 is divided by l?
6
Calculate the remainder when 73*-4*(-2)/8 is divided by 37.
36
Let m = -31 + 73. What is the remainder when m is divided by 22?
20
Let y = 1 + 5. Suppose -2*x + 1 + 1 = 0. What is the remainder when y/(-8)*(-16)/4 is divided by x?
0
Suppose -2*d + d = -73. What is the remainder when d is divided by 25?
23
What is the remainder when (-348)/(-8)*6/9 is divided by 17?
12
Suppose 3*u - 13 = 2, -t = -5*u + 21. What is the remainder when (252/30)/(t/30) is divided by 22?
19
Let w be (206/6 + 0)*3. Let n = w - 35. Suppose 3*q + q = n. Calculate the remainder when 49 is divided by q.
15
Suppose -d + 28 = d - 2*b, 0 = -3*d + 2*b + 39. What is the remainder when d is divided by 6?
5
What is the remainder when 61 is divided by (19/(-19))/((-1)/31)?
30
Let x = 7 - -5. Calculate the remainder when 20 is divided by x.
8
Suppose -2*h = 2*h - 100. Calculate the remainder when 72 is divided by h.
22
Let z(x) = 2*x**2 + 9*x - 38. Calculate the remainder when 73 is divided by z(4).
13
Let k = -152 - -234. What is the remainder when k is divided by 4 + (-1)/(3/(-51))?
19
Let s(y) = 2*y**2 - 2*y + 1. Let i = 64 + -40. What is the remainder when i is divided by s(-2)?
11
Suppose 3*u - 41 = 61. Let t = u - 22. What is the remainder when 35 is divided by t?
11
Suppose -5*h + 3*a = -30, -a + 5*a = 0. Suppose 0 = -v - 7. Let g(k) = k**3 + 7*k**2 - k - 3. Calculate the remainder when h is divided by g(v).
2
Let m = -5 + 15. What is the remainder when 27 is divided by m?
7
Let f(c) = 27*c - 1. Let h = -2 + 3. Let q(v) = 8*v + 1. What is the remainder when f(h) is divided by q(1)?
8
Suppose -2*p - 2*p + 168 = 0. What is the remainder when p is divided by 9?
6
Let w be 0/(3*(-4)/6). Suppose 0 = -4*n - w*n + 8. Calculate the remainder when 14 is divided by (-38)/(-10) - n/(-10).
2
Suppose y + 6*i - i = 28, 2*i = -4*y + 166. Calculate the remainder when y is divided by 15.
13
Let b(u) = 5*u**2 + u + 12. Let k(w) = w**2 - 1. Let y(a) = b(a) - 4*k(a). Let s = -2 - -11. Calculate the remainder when y(0) is divided by s.
7
Suppose -18 = 3*u - 3*j, 0 = -5*u + 4*j - 19 - 8. Let z be 3/(9/u) + 9. Let t(c) = c + 2. Calculate the remainder when 18 is divided by t(z).
8
Let k = 3 + -7. Let d(r) = 2*r**2 + 4*r - 1. Calculate the remainder when 28 is divided by d(k).
13
Suppose 154 + 26 = 9*o. Calculate the remainder when 96 is divided by o.
16
Let z = 118 + -75. What is the remainder when z is divided by 24?
19
Let z(p) be the second derivative of p**3/6 + 11*p**2/2 + 2*p. Suppose 4*f = -7 - 5, 0 = o + 5*f + 24. Calculate the remainder when 5 is divided by z(o).
1
Let s = 34 - 21. Calculate the remainder when 62 is divided by s.
10
Suppose -2*u - 6 = u. Let m = 18 - u. Let v = -10 + m. Calculate the remainder when v is divided by 6.
4
Suppose 2*b + 172 = 5*s - 230, 0 = -5*s + 4*b + 394. Calculate the remainder when s is divided by 42.
40
Let z(x) = x**2 + 20*x - 18. Let y(l) = 7*l - 6. Let h(s) = -11*y(s) + 4*z(s). What is the remainder when h(-5) is divided by 20?
19
Let c(k) = k**3 - 10*k**2 + k + 4. Calculate the remainder when c(10) is divided by 8.
6
Calculate the remainder when (15/7)/((-15)/(-105)) is divided by 6.
3
Let a = -18 - -27. Let l(s) = s**2 + 4*s + 5. What is the remainder when a is divided by l(-4)?
4
Let z be (0 + 0)/(2 + -4). Suppose z = -2*r - 4. What is the remainder when r - (2 + -12 - 1) is divided by 5?
4
Let o be 0 + 1 - (0 - -1). Let z be (-3)/(-8) + (-42)/(-16). Suppose -9 - 2 = -2*c + z*l, o = -2*c - 2*l + 6. Calculate the remainder when 15 is divided by c.
3
Suppose 5*h = 4*u + 130, 4*h + 0*h - 108 = 4*u. Let a = -13 + 25. Calculate the remainder when h is divided by a.
10
Let k = -7 - -17. Suppose 3*y = d + 23, 22 = 2*y + d + k. What is the remainder when y is divided by 4?
3
Suppose p - 3*u - 21 = -2*p, 4*u = p - 7. Suppose -29 = -5*i + 71. Suppose -4*n = i - 96. Calculate the remainder when n is divided by p.
5
Let u = -46 - -67. Let i(l) = -l + 0*l - u + 22. What is the remainder when 10 is divided by i(-5)?
4
Let w(z) = z + 2. Suppose -28 = -11*x + 7*x. Calculate the remainder when x is divided by w(0).
1
Let w = -2 + 10. Let v = -5 + 16. What is the remainder when v*(-1 + 0)*-2 is divided by w?
6
Suppose -g = 2*g - 9. Let d = 22 - 19. Calculate the remainder when d is divided by g.
0
Suppose -9 = -2*q + w, -5*w = -5*q - w + 15. Suppose 3*i - q*i = 5*a - 60, 0 = 4*i - 3*a - 60. What is the remainder when 44 is divided by i?
14
Suppose 0 = 5*h - h - 12. Calculate the remainder when h is divided by 2.
1
Let k(n) = -n + 10. Let a(t) = 5*t - 51. Let q(y) = 2*a(y) + 11*k(y). Let u be q(7). Calculate the remainder when 16 is divided by 1 - (-4*2)/u.
7
Let y = 42 - 35. Calculate the remainder when 26 is divided by y.
5
Let d = 38 + -14. Let i = 211 - 118. Calculate the remainder when i is divided by d.
21
Let b(l) = 2*l - 3. Let z(m) = 2*m**2 - 2*m - 1. Let r be z(-1). Let w be b(r). Suppose -2*n - 40 = -w*n. What is the remainder when n is divided by 14?
12
Let o = -15 - -19. Suppose -o*d + 196 = -96. What is the remainder when d is divided by 37?
36
Suppose 0 = -3*f + 2*l + 341, 0*f - 4*l = -2*f + 222. Suppose g = -3*o + f, 3*o - 3*g - 125 = g. Calculate the remainder when o is divided by 20.
19
Suppose -d + 3*t + 5 = 0, d - 18 = -3*t - 7. Calculate the remainder when 12 is divided by (-4 - -2)*(-28)/d.
5
Suppose -p + 5*p - 1712 = 0. Let b be (-3 - -2)/((-2)/p). What is the remainder when 15/25 - b/(-10) is divided by 12?
10
Suppose 4*g - 300 = -6*g. Calculate the remainder when 148 is divided by g.
28
Let g = 79 + -69. What is the remainder when 48 is divided by g?
8
Let i(f) = 10*f**2 + 21*f + 2. Calculate the remainder when i(-5) is divided by 30.
27
Suppose 3*x + 3 + 1 = -4*v, 14 = 3*v - 2*x. What is the remainder when v is divided by 2?
0
Let n(r) = -r**2 - 9*r - 14. Calculate the remainder when 28 is divided by n(-4).
4
Suppose 0 = 4*q + q - 30. Suppose 4*g = 15 + 9. Calculate the remainder when q is divided by g*4/(-6)*-1.
2
Suppose 3*m = -u + 21, u + 4*m = 3*u - 62. What is the remainder when u is divided by (168/16)/((-6)/8*-1)?
13
Suppose -2*a = 2*y - 74, 0 = 4*y + 3*a + 22 - 170. Let v = 62 - y. What is the remainder when v is divided by 9?
7
Suppose -x + 2*z + 8 = z, -16 = -2*x + 4*z. Calculate the remainder when (5*1)/((-11)/(-33)) is divided by x.
7
Suppose -2*o - 25 + 77 = 2*q, 5*q = -3*o + 122. What is the remainder when 86 is divided by q?
20
Let b(h) = -h**2 + 8*h. Calculate the remainder when 74 is divided by b(5).
14
Suppose 2*u - 34 = 22. Calculate the remainder when u is divided by 15.
13
Let d be (-1 - -1)/2 - -2. Suppose -16 = 2*x - d. Let y(l) = -l**3 - 7*l**2 - 2*l - 7. What is the remainder when 13 is divided by y(x)?
6
Calculate the remainder when (-12)/4 + 1 - -91 is divided by 18.
17
Let n(f) = -4*f + 37. What is the remainder when 22 is divided by n(8)?
2
Calculate the remainder when (-7248)/(-80) - (-6)/(-10) is divided by 19.
14
Let r = 8 - -19. What is the remainder when r is divided by 14?
13
Let c = -81 - -46. Let m = c + 59. Calculate the remainder when m is divided by 0 - (-3 + 2 - 12).
11
Let o be (-41)/(-13) - 4/26. Suppose -2*p = o*n - 1 - 15, 2*p + n = 8. Suppose -f = 5*r + 4*f - 325, -p*f = -8. What is the remainder when r is divided by 21?
19
Let j(v) = v**2 + 11*v - 4. Let c be j(-7). Let y(i) = -2*i**3 - i**2 + 4. Let r be y(-3). Let u = r + c. What is the remainder when u is divided by 6?
5
Suppose -5*c - 127 + 17 = 0. Suppose -7*r + i - 25 = -2*r, 4*r - 4*i = -20. What is the remainder when 21 is divided by c/(-2) - 0/r?
10
Let v(f) = -5 - 1 + 1 + 2*f - 3*f**2 + f**3. What is the remainder when 56 is divided by v(4)?
18
What is the remainder when 70 is divided by (-9 + 3)/((-1)/6)?
34
Let z(p) = -p**2 + p + 8. Let n be z(6). Suppose 5*f - 1 + 11 = 0, -3*f - 81 = 5*g. Let s = g - n. Calculate the remainder when 20 is divided by s.
6
Let k(q) = 2*q + 1. Let s(c) = -4*c + 7. Calculate the remainder when s(-12) is divided by k(9).
17
Suppose p = 4*p - 75. Calculate the remainder when 98 is divided by p.
23
Let h(d) = d**3 + 3*d**2 - 5*d. Let n be h(-4). Suppose -3*x - 85 = -3*w + x, 30 = 2